)?
-18
Let t be 1 - -4 - 5 - -6. Let h(s) = 3*s - 12. Give h(t).
6
Let g(c) be the first derivative of -c**3/3 + 5*c**2/2 + 13*c + 2441. Calculate g(6).
7
Let o(b) be the second derivative of b**4/12 + b**3/3 - b**2 + 14*b. Let y(w) = w**3 + 26*w**2 + 156*w - 68. Let q be y(-16). Give o(q).
6
Let y(x) be the second derivative of -x**5/20 + 3*x**4/4 + 3*x**3/2 - 9*x**2/2 + 1282*x. Calculate y(10).
-19
Let h = 11809 - 11845. Let k(g) = g**3 + 37*g**2 + 32*g - 153. Determine k(h).
-9
Let d = -139 + 99. Let q be d/(-12)*12/8. Suppose q*s = -s + 36. Let r(j) = j - 4. Calculate r(s).
2
Let p = 28 - 30. Let z be 1 - (1 + 6/p). Let f(v) = 3 - 8 - 110*v**2 + v**z + 2*v + 117*v**2. What is f(-6)?
19
Let x(n) = -n**2 - 4*n + 4. Suppose 7*w - 546 = -84. Let f = -64 + w. Suppose 2 = 3*q - f*j + 20, j - 11 = 2*q. Determine x(q).
4
Let l(u) = -u**3 - 14*u**2 + 14*u - 4. Let r(c) = -3*c**3 - 39*c**2 + 41*c - 12. Let i(b) = 11*l(b) - 4*r(b). Give i(-6).
-80
Let h(v) = -v**2 + 6*v + 2. Let y = 450 + -435. Suppose -2*f + 3*a + 25 = 0, 30*a = 33*a + y. Calculate h(f).
7
Let k(m) = -4*m**2 + m - 2. Let s be k(1). Let a be ((s - -3) + 2)/2. Suppose a = -2*x - 3*v - 3, 5*x + 3*v = v + 20. Let q(g) = -g**2 + 8*g - 4. Give q(x).
8
Let d(x) be the first derivative of x**4/6 + 2*x**3/3 + 2*x**2 - 32*x - 2. Let q(z) be the first derivative of d(z). Let v = -6 - -3. What is q(v)?
10
Let d(s) be the second derivative of -s**7/840 - s**6/45 + s**5/15 - s**4/4 - 9*s**3 + 61*s. Let m(n) be the second derivative of d(n). Calculate m(-9).
3
Let j(w) = -w**3 + 4*w**2 + w + 6. Suppose -4*y + 14 = 2*x - 2, -4*x - 23 = -3*y. Suppose 3 - 28 = -y*d. Determine j(d).
-14
Let l(x) = 1 - 33*x**2 - x**3 - 3 + 0*x**2 + 25*x**2 + 5*x**2 + 5*x. Determine l(-4).
-6
Let v be -4*-12*8/(-128) + -1. Let a(t) = -t**3 - 2*t**2 - 5*t - 5. What is a(v)?
47
Let f(n) = -n. Let u(i) = -i**3 - 6*i**2 - 3*i - 6. Let x be u(-6). Suppose 23*q + 120 = -64. Let b = q + x. Give f(b).
-4
Let t(p) = -17*p**2 - 112*p - 1. Let i(h) = -86*h**2 - 615*h - 5. Let y(n) = -4*i(n) + 22*t(n). Give y(-2).
-114
Suppose -6 = -3*d + 3*h, -13 = -4*d - 3*h + 2*h. Let j(b) = -1 + 2*b**3 - 2*b**d + b**3. Let a be ((-6480)/300)/(-54) + (-9)/(-15). Determine j(a).
0
Suppose 294*h - 291*h = 5*r + 92, -h + 2*r = -32. Let p(d) = d**3 - 25*d**2 + 22*d - 13. Determine p(h).
-61
Let c = -1668 + 1683. Let d(i) be the second derivative of i**5/20 - 7*i**4/6 - 7*i**3/3 - 21*i**2/2 - 9*i + 4. Give d(c).
-6
Let v(a) be the second derivative of 0 + 11/2*a**2 - 7*a - 1/2*a**3. What is v(5)?
-4
Let z(s) = -s**2 - 28*s - 104. Suppose 253 + 92 = -15*v. Determine z(v).
11
Let s(z) be the second derivative of 19/6*z**3 - 17*z + 0 + 0*z**4 + 0*z**2 + 1/20*z**5. Let r(g) be the second derivative of s(g). Calculate r(3).
18
Let k(v) = -6*v - 43. Let u be k(-6). Let c(f) = -14*f**3 - 13*f**2 + 10*f - 2. Let r(i) = -2*i**3 - 3. Let l(o) = c(o) - 6*r(o). Give l(u).
-5
Suppose 148*s = 140*s - 1680. Let l = s + 221. Let g(r) = -2*r + 2. What is g(l)?
-20
Let a(o) be the first derivative of 7*o**3/3 - o**2/2 + 2*o - 1107. What is a(3)?
62
Let u(n) = 0 + 5 + 7 + n**2 - 11. Let s(i) = -i**3 - 2*i**2 - 2*i - 2. Let x be s(-2). Let a(k) = -5*k**2 - 1. Let j(h) = x*u(h) + a(h). Determine j(-2).
-11
Let x be 13/(-91)*7*-6. Let p(b) = b**2 - 7*b - 3. Give p(x).
-9
Let x(t) = -7*t**2 - 8*t. Let i = 1773 - 1775. What is x(i)?
-12
Let d be 4/14*-1 + 4/14. Let a(n) = -n**3 - n + 6. Let r be a(d). Suppose -2*t = r*t - 64. Let m(w) = w**2 - 8*w + 2. Give m(t).
2
Suppose 64*f = 43*f + 84. Suppose -10*k + 4*j = -6*k - 40, 3*j = f*k - 41. Let y(m) = m - 16. Give y(k).
-5
Let g(u) = -10*u**3 - 150*u**2 - u - 32. Let h be g(-15). Let w(j) = j**3 + 18*j**2 + 20*j + 36. Give w(h).
-15
Suppose 0 = -p - 106 + 137. Let s = -20 + p. Let y(h) = 5*h**2 + 29*h. Let w(m) = 2*m**2 + 14*m. Let v(x) = -7*w(x) + 3*y(x). Calculate v(s).
0
Suppose 0 = -2*m - 4, 3*b - 355*m = -352*m + 36. Let q(l) = 76*l - 762. Give q(b).
-2
Let o be (-1)/((-8)/(11 + -3)). Let k(b) = -132*b**2 - b**3 + 2*b + 62*b**2 - o + 75*b**2. Determine k(5).
9
Let g(l) = 1189*l**2 - 6*l - 612*l**2 - 581*l**2 + 2 + l**3. Let p = 3 - -2. Give g(p).
-3
Let p(z) = -5*z**2 + 5*z. Let s(f) = 9*f**2 - 10*f + 1. Let l(g) = -11*p(g) - 6*s(g). Let v = 354 - 348. Let c be 141/(-27) + v/27. Determine l(c).
-6
Let i(v) = -v**2 - v - 2. Let l(g) = -g**2 - g. Let j(u) = i(u) - 2*l(u). Let k = -5250 + 5246. Determine j(k).
10
Let h(m) = 2*m + 3. Let o(g) = 25*g + 66. Let w(j) = 7*h(j) - o(j). What is w(-6)?
21
Let t(c) = -7*c**3 + 2*c**2 - 4*c + 13. Let z(y) = -13*y**3 + 4*y**2 - 7*y + 24. Let x(g) = 11*t(g) - 6*z(g). Determine x(-1).
-2
Let w(f) = 379*f**3 - f - 2 - 380*f**3 + 7*f - 4*f**2. Let h = 140 + -235. Let z = -100 - h. Calculate w(z).
-7
Suppose 901 + 68 = 19*n. Suppose -4*x - n = -3*d, -3*x - 5*d = -0*d + 31. Let k(l) = l + 8. Give k(x).
-4
Let a(x) be the third derivative of -x**5/60 - x**3/3 - 4706*x**2. Suppose 0 = 2*o + 2 + 18. Let b = o + 8. Calculate a(b).
-6
Let z be (-9)/(-36) - (-51)/(-12). Let l be 29 + (z + 9)/5. Suppose 6*y - l = 11*y. Let q(d) = d + 7. Calculate q(y).
1
Let t = -4888 - -4917. Let w(r) = 2*r**3 - 57*r**2 - 29*r + 2. What is w(t)?
2
Let d be (-1 - -8) + (-15)/(-5). Suppose -11*n + 4*q + 20 = -d*n, -n = -3*q - 15. Let m(j) = -j**3 - 2. Give m(n).
-2
Let s(u) = -13*u**3 + 15*u**2 + 22*u - 13. Let b(p) = 71 + 11*p**3 - 21*p - 15*p**2 - 124 + 65. Let h(c) = -7*b(c) - 6*s(c). What is h(-14)?
-20
Suppose -2*h + 2 = -5*o, -5*o - 3 = -5*h + 2. Suppose 8 = 4*t - o. Suppose -4*f - 4 = 2*g + 14, t*f + 6 = 0. Let q(w) = w**2 + 6*w. Determine q(g).
-9
Let i(d) = d**2 + 2*d - 17. Let k be i(-6). Suppose 2*p - k = -1. Suppose -3*r = p*r - 6. Let m(x) = 11*x + 1. What is m(r)?
12
Let g(c) = c**2 - 10*c - 24. Let x = -16 + 18. Suppose y + 36 = 3*r, -x*r + 3*r + 4*y = 12. Let a be g(r). Let b(l) = -l**3 + l**2 - 7. Determine b(a).
-7
Let s be (5/35)/(6/462). Let p(r) = s*r - 5*r + 0 + 1 - 7*r. Determine p(4).
-3
Let z(u) be the third derivative of -u**5/60 - 5*u**4/12 + u**3/3 + 346*u**2. Suppose 5*h = h - 40. Give z(h).
2
Let f = -6 + -5. Let r(n) be the first derivative of n**4/4 + 10*n**3/3 - 6*n**2 - 10*n - 103946. Determine r(f).
1
Let g be (-461)/(75/(-12) + 6). Let c(l) = -1847 + g + 0*l - 4*l. Determine c(-2).
5
Let p(v) = v**2 - 9*v - 6. Suppose 225 = 5*l - 2*z + z, -4*l - 4*z + 204 = 0. Suppose 14*n - l = 94. Determine p(n).
4
Let h(w) = 10*w. Let q(i) = -3*i**3 - 22*i**2 - 8*i + 5. Let v be q(-7). Let t be 14/(-4) + 6/v. What is h(t)?
-30
Let p be (-20)/(-6) + 8/12. Let x(h) = -h**3 + 2*h**2 + h - 3. Let s be 10/8*4 + -3. Let q(l) = -l**2 + l. Let o(c) = s*q(c) - x(c). Determine o(p).
7
Let u(f) be the first derivative of -11 + 3*f**3 + 1/4*f**4 - 1/2*f**2 - 11*f. Determine u(-9).
-2
Let d = 5 + -11. Let w(b) = 4*b + 43. Let x(o) = 17*o + 177. Let y(i) = 4*w(i) - x(i). Determine y(d).
1
Let l be 5 - 0/(-4 + 8) - 2. Suppose 5*y - 83 = 3*f, -3*y - l*f = 2*f - 43. Let h(v) = -v + 16. What is h(y)?
0
Let x(u) be the second derivative of -u**4/6 + 3*u**3 - 5*u**2/2 - 583*u. Give x(9).
-5
Let i(g) = -3*g + 6*g + 0*g. Suppose 7*k - 104 = -6*k. Give i(k).
24
Let n(t) be the second derivative of -t**3/6 + 17*t**2/2 - 2*t - 64. Suppose 19*g - 13*g = 90. What is n(g)?
2
Let v be 8/(-6) - 44/(-6). Let i(a) = -19*a**3 + 6*a**2 - 10*a + 12. Let d(o) = -17*o**3 + 6*o**2 - 9*o + 11. Let g(u) = -9*d(u) + 8*i(u). What is g(v)?
3
Let g(s) = -s**3 - 16*s**2 + 19*s + 35. Let w = -11003 + 10986. What is g(w)?
1
Suppose -106*z = -50*z - 53*z - 18. Let o(j) = -j**2 + 16. Give o(z).
-20
Suppose 3*f = -12, -4*l = 4*f + 1 + 3. Let g(j) = -2 - 12*j + 4*j + l*j + 2*j + 0. What is g(2)?
-8
Let l be (-10)/4*(-24 + 2010/75). Let k(d) = d**3 + 6*d**2 - 10*d + 2. Give k(l).
23
Let p(j) = -6 + 4297*j**2 - 4295*j**2 + 15 + j - j. Determine p(4).
41
Let f(k) = -959*k - 11. Let d(y) = 1759*y + 21. Let c(o) = -6*d(o) - 11*f(o). Let s(i) = i - 4. Let p be s(7). Let x = p - -1. Give c(x).
-25
Let x(u) = -u + 10. Suppose 464 + 236 = 14*p. Suppose -30 = -8*o + p. Determine x(o).
0
Suppose 3*c + 68 - 74 = 0. Suppose 0 = -z - c + 12. Let p(n) = 7 - 2*n**2 - z + 2 - 6*n. Determine p(-4).
-9
Let p = 62 + -66. Suppose 13*k + 5*o + 17 = 12*k, k - 2